tiple of 20?
True
Is 405 a factor of 868222?
False
Does 47 divide 11976540?
True
Does 23 divide 6862121?
False
Is 11054492 a multiple of 71?
False
Is 15 a factor of 1299660?
True
Is 104 a factor of 45634?
False
Is 14 a factor of 838950?
True
Is 23 a factor of 11222837?
False
Is 284487 a multiple of 7?
True
Is 174332 a multiple of 164?
True
Is 3432 a multiple of 4?
True
Is 84711 a multiple of 18?
False
Is 281151 a multiple of 27?
True
Is 4694820 a multiple of 30?
True
Does 51 divide 4981644?
False
Is 687643 a multiple of 122?
False
Is 5476891 a multiple of 53?
False
Is 67 a factor of 223646?
True
Does 10 divide 238810?
True
Is 1049337 a multiple of 61?
False
Is 400 a factor of 926691?
False
Is 166130 a multiple of 449?
True
Does 420 divide 486360?
True
Does 61 divide 469851?
False
Is 364748 a multiple of 4?
True
Is 92820 a multiple of 455?
True
Does 24 divide 302184?
True
Does 70 divide 331701?
False
Does 162 divide 257742?
True
Does 79 divide 435053?
True
Does 610 divide 3899120?
True
Does 421 divide 6511607?
True
Is 128 a factor of 234519?
False
Is 52 a factor of 1370824?
True
Is 66 a factor of 193425?
False
Does 162 divide 488697?
False
Does 302 divide 3889082?
False
Is 10 a factor of 855089?
False
Does 27 divide 369492?
False
Is 13 a factor of 27248?
True
Is 13991098 a multiple of 1259?
False
Is 53 a factor of 22599868?
False
Is 8 a factor of 7020800?
True
Is 4824530 a multiple of 62?
True
Is 298 a factor of 104896?
True
Is 11 a factor of 45430?
True
Does 23 divide 2208115?
True
Is 2098453 a multiple of 7?
True
Is 513583 a multiple of 320?
False
Is 871 a factor of 1148849?
True
Does 30 divide 5790?
True
Is 2 a factor of 7049?
False
Does 207 divide 595974?
False
Does 107 divide 2005715?
True
Is 5514872 a multiple of 206?
False
Does 27 divide 497907?
True
Is 159144 a multiple of 17?
False
Is 1974051 a multiple of 5?
False
Is 77 a factor of 328558?
False
Is 1013232 a multiple of 76?
True
Is 654 a factor of 8740710?
True
Is 80 a factor of 1286560?
True
Is 466 a factor of 334122?
True
Is 78 a factor of 762942?
False
Is 43 a factor of 4682524?
False
Is 3179152 a multiple of 30?
False
Is 126565 a multiple of 17?
True
Is 488376 a multiple of 408?
True
Is 139 a factor of 220176?
True
Is 30 a factor of 82830?
True
Is 17 a factor of 581542?
False
Is 117508 a multiple of 16?
False
Is 277 a factor of 170632?
True
Is 536173 a multiple of 15?
False
Does 2 divide 296027?
False
Is 257314 a multiple of 5?
False
Is 2905750 a multiple of 125?
True
Is 242975 a multiple of 25?
True
Does 5 divide 306969?
False
Does 41 divide 509671?
True
Is 282105 a multiple of 16?
False
Is 12 a factor of 112992?
True
Is 4 a factor of 557965?
False
Is 299875 a multiple of 77?
False
Is 1571 a factor of 926890?
True
Is 330 a factor of 250140?
True
Is 10 a factor of 50820?
True
Does 20 divide 2411835?
False
Does 5 divide 1210790?
True
Does 185 divide 7303800?
True
Is 120001 a multiple of 3?
False
Is 5 a factor of 2155?
True
Does 27 divide 284067?
True
Is 1837224 a multiple of 79?
True
Is 9415 a multiple of 6?
False
Is 12 a factor of 4747792?
False
Is 108 a factor of 673377?
False
Does 10 divide 1909300?
True
Is 2391691 a multiple of 1223?
False
Does 37 divide 31945?
False
Does 5 divide 82788?
False
Is 20646 a multiple of 93?
True
Is 10576040 a multiple of 170?
True
Does 46 divide 271492?
True
Is 536 a factor of 851168?
True
Is 82 a factor of 697328?
True
Is 237948 a multiple of 6?
True
Is 888975 a multiple of 81?
True
Is 35 a factor of 701591?
False
Is 96 a factor of 209568?
True
Does 16 divide 880?
True
Is 511224 a multiple of 21?
True
Is 232134 a multiple of 319?
False
Is 233497 a multiple of 15?
False
Is 1566471 a multiple of 254?
False
Is 3 a factor of 4265?
False
Is 3320 a multiple of 12?
False
Is 6484614 a multiple of 199?
True
Does 116 divide 18470038?
False
Does 10 divide 128400?
True
Is 11 a factor of 1197106?
False
Is 3 a factor of 29004?
True
Is 3 a factor of 182704?
False
Is 10452416 a multiple of 13?
True
Does 138 divide 140306?
False
Is 33327 a multiple of 9?
True
Is 192 a factor of 3498972?
False
Is 68 a factor of 16226948?
False
Is 10 a factor of 8248?
False
Is 60017 a multiple of 4?
False
Is 13 a factor of 2598087?
False
Does 53 divide 323253?
False
Is 693399 a multiple of 89?
True
Is 6439411 a multiple of 15?
False
Is 21 a factor of 3380055?
True
Is 9 a factor of 127080?
True
Is 240170 a multiple of 146?
True
Does 634 divide 1283447?
False
Does 64 divide 59684?
False
Is 221562 a multiple of 12?
False
Does 26 divide 279166?
False
Does 11 divide 484704?
True
Is 63 a factor of 2651000?
False
Is 85 a factor of 662575?
True
Is 356 a factor of 1478951?
False
Is 175931 a multiple of 760?
False
Is 72 a factor of 1106335?
False
Does 74 divide 11959?
False
Is 2 a factor of 366183?
False
Is 7 a factor of 525700?
True
Does 168 divide 1599528?
True
Does 11 divide 207746?
True
Is 759 a factor of 4530830?
False
Does 70 divide 301070?
True
Is 175 a factor of 331800?
True
Is 253 a factor of 596068?
True
Does 153 divide 222415?
False
Is 28 a factor of 54824?
True
Is 38 a factor of 674766?
True
Is 73 a factor of 79497?
True
Is 3748789 a multiple of 17?
True
Is 17675 a multiple of 35?
True
Is 70369 a multiple of 13?
True
Is 2 a factor of 51788?
True
Is 63 a factor of 200907?
True
Is 5738681 a multiple of 4?
False
Is 106141 a multiple of 98?
False
Is 6 a factor of 224424?
True
Is 2 a factor of 67691?
False
Is 80 a factor of 98240?
True
Does 4 divide 68804?
True
Is 36 a factor of 59292?
True
Does 2 divide 479456?
True
Does 48 divide 1176480?
True
Is 1219270 a multiple of 830?
True
Is 550107 a multiple of 19?
True
Is 524 a factor of 7453900?
True
Does 53 divide 735004?
True
Does 23 divide 6783?
False
Is 494415 a multiple of 15?
True
Is 444 a factor of 32389778?
False
Is 21 a factor of 5221398?
True
Is 14708976 a multiple of 8?
True
Is 52 a factor of 77253?
False
Does 421 divide 5608475?
False
Is 84 a factor of 7445150?
False
Does 322 divide 308647?
False
Does 73 divide 3311771?
False
Is 24 a factor of 12912?
True
Is 22 a factor of 4620550?
True
Is 175098 a multiple of 42?
True
Is 442960 a multiple of 16?
True
Is 120 a factor of 1630560?
True
Is 31552 a multiple of 232?
True
Does 13 divide 23948834?
True
Does 4 divide 21076?
True
Does 183 divide 381738?
True
Does 19 divide 16910?
True
Does 142 divide 389271?
False
Is 33 a factor of 942370?
False
Is 46134 a multiple of 33?
True
Is 14803920 a multiple of 290?
True
Is 393500 a multiple of 50?
True
Is 495390 a multiple of 271?
False
Does 170 divide 704153?
False
Does 90 divide 111510?
True
Is 18784156 a multiple of 12?
False
Is 120864 a multiple of 16?
True
Does 11 divide 4089472?
False
Is 59 a factor of 445149?
False
Does 1043 divide 4166426?
False
Is 62872 a multiple of 12?
False
Is 16065180 a multiple of 922?
False
Is 9 a factor of 3380967?
True
Does 55 divide 675613?
False
Is 87240 a multiple of 29?
False
Is 20 a factor of 15493060?
True
Does 857 divide 2167353?
True
Does 113 divide 26103?
True
Is 298 a factor of 4071872?
True
Is 1069 a factor of 14173871?
True
Is 28 a factor of 861252?
True
Is 1712047 a multiple of 100?
False
Is 3367671 a multiple of 123?
False
Is 208967 a multiple of 121?
True
Does 79 divide 14674?
False
Is 34 a factor of 134130?
True
Is 314196 a multiple of 153?
False
Is 737212 a multiple of 250?
False
Is 844613 a multiple of 11?
True
Does 8 divide 127013?
False
Is 133954 a multiple of 28?
False
Does 703 divide 849819?
False
Does 4 divide 682104?
True
Is 1206448 a multiple of 16?
True
Is 1355386 a multiple of 18?
False
Is 26 a factor of 105913?
False
Is 252 a factor of 409428?
False
Does 33 divide 2195134?
False
Is 1173 a multiple of 51?
True
Does 372 divide 1054023?
False
Is 5 a factor of 48709?
False
Does 296 divide 102912?
False
Does 27 divide 275151?
False
Does 1035 divide 1178818?
False
Is 14263830 a multiple of 54?
True
Does 12 divide 533028?
True
Does 2 divide 35851?
False
Does 10 divide 111848?
False
Does 55 divide 10186689?
False
Is 33 a factor of 6301845?
True
Is 367 a factor of 290664?
True
Is 144 a factor of 29232?
True
Does 205 divide 1973645?
False
Is 242534 a multiple of 194?
False
Does 310 divide 428110?
True
Is 1608887 a multiple of 28?
False
Is 36 a factor of 91425?
False
Is 650880 a multiple of 